er when 25630 is divided by 6395.
50
Calculate the remainder when 1180901 is divided by 3413.
3
Calculate the remainder when 9467 is divided by 9448.
19
What is the remainder when 1104947 is divided by 472?
467
Calculate the remainder when 2654 is divided by 74.
64
What is the remainder when 12581 is divided by 842?
793
What is the remainder when 5587 is divided by 1859?
10
Calculate the remainder when 263801 is divided by 29.
17
Calculate the remainder when 273860 is divided by 21062.
54
What is the remainder when 6423 is divided by 2881?
661
What is the remainder when 1501 is divided by 1475?
26
Calculate the remainder when 3237 is divided by 3233.
4
Calculate the remainder when 415984 is divided by 7563.
19
Calculate the remainder when 27603 is divided by 130.
43
Calculate the remainder when 11758 is divided by 511.
5
Calculate the remainder when 2391 is divided by 181.
38
What is the remainder when 136339 is divided by 270?
259
What is the remainder when 31623 is divided by 251?
248
Calculate the remainder when 2112 is divided by 1.
0
What is the remainder when 6423 is divided by 54?
51
Calculate the remainder when 1814 is divided by 75.
14
Calculate the remainder when 2051 is divided by 1503.
548
What is the remainder when 250503 is divided by 49?
15
Calculate the remainder when 156700 is divided by 986.
912
Calculate the remainder when 121272 is divided by 670.
2
What is the remainder when 707110 is divided by 854?
852
Calculate the remainder when 1126 is divided by 545.
36
Calculate the remainder when 47977 is divided by 1411.
3
Calculate the remainder when 178799 is divided by 50.
49
What is the remainder when 98738 is divided by 8226?
26
Calculate the remainder when 3352024 is divided by 1114.
1112
Calculate the remainder when 6018917 is divided by 34.
33
What is the remainder when 19573 is divided by 1784?
1733
What is the remainder when 1023 is divided by 443?
137
Calculate the remainder when 5028 is divided by 3815.
1213
What is the remainder when 9102 is divided by 1472?
270
Calculate the remainder when 13203 is divided by 277.
184
What is the remainder when 1906 is divided by 1878?
28
Calculate the remainder when 2487 is divided by 30.
27
Calculate the remainder when 5064 is divided by 421.
12
Calculate the remainder when 9539 is divided by 330.
299
Calculate the remainder when 889230 is divided by 31758.
6
Calculate the remainder when 3893 is divided by 1922.
49
What is the remainder when 79286 is divided by 15841?
81
What is the remainder when 379 is divided by 178?
23
What is the remainder when 15678 is divided by 196?
194
Calculate the remainder when 200017 is divided by 71.
10
Calculate the remainder when 5101 is divided by 5095.
6
Calculate the remainder when 44942 is divided by 1365.
1262
What is the remainder when 2742 is divided by 2718?
24
What is the remainder when 92300 is divided by 18?
14
Calculate the remainder when 33280 is divided by 152.
144
What is the remainder when 20657 is divided by 5132?
129
What is the remainder when 787 is divided by 219?
130
Calculate the remainder when 51711 is divided by 51.
48
Calculate the remainder when 19279 is divided by 95.
89
Calculate the remainder when 309 is divided by 23.
10
Calculate the remainder when 1313139 is divided by 411.
405
What is the remainder when 246830 is divided by 35261?
3
Calculate the remainder when 1736 is divided by 122.
28
What is the remainder when 989 is divided by 145?
119
What is the remainder when 18309 is divided by 316?
297
What is the remainder when 2682943 is divided by 206?
205
Calculate the remainder when 9497 is divided by 3146.
59
Calculate the remainder when 12577 is divided by 37.
34
Calculate the remainder when 12254 is divided by 453.
23
What is the remainder when 23143 is divided by 2282?
323
What is the remainder when 2495 is divided by 646?
557
Calculate the remainder when 120077 is divided by 38.
35
What is the remainder when 1128 is divided by 63?
57
Calculate the remainder when 208297 is divided by 10963.
0
What is the remainder when 41683 is divided by 5?
3
What is the remainder when 137 is divided by 41?
14
Calculate the remainder when 1240 is divided by 100.
40
What is the remainder when 125343 is divided by 473?
471
Calculate the remainder when 252579 is divided by 20.
19
Calculate the remainder when 267287 is divided by 56.
55
What is the remainder when 2449 is divided by 18?
1
Calculate the remainder when 347 is divided by 125.
97
What is the remainder when 9000 is divided by 1448?
312
What is the remainder when 2092 is divided by 26?
12
Calculate the remainder when 334599 is divided by 50.
49
What is the remainder when 6456 is divided by 538?
0
What is the remainder when 782054 is divided by 405?
404
What is the remainder when 14532 is divided by 26?
24
What is the remainder when 2765 is divided by 213?
209
Calculate the remainder when 994813 is divided by 5.
3
Calculate the remainder when 24799 is divided by 2253.
16
What is the remainder when 117367 is divided by 117364?
3
What is the remainder when 4009882 is divided by 63?
58
Calculate the remainder when 539193 is divided by 42.
39
What is the remainder when 19473 is divided by 12?
9
Calculate the remainder when 1399 is divided by 259.
104
What is the remainder when 22751455 is divided by 134?
131
Calculate the remainder when 180951 is divided by 59.
57
Calculate the remainder when 322146 is divided by 379.
375
What is the remainder when 39004 is divided by 704?
284
What is the remainder when 98860 is divided by 98851?
9
Calculate the remainder when 35025 is divided by 126.
123
Calculate the remainder when 25367 is divided by 42.
41
What is the remainder when 136723 is divided by 3?
1
Calculate the remainder when 14026 is divided by 6.
4
Calculate the remainder when 69074 is divided by 30.
14
Calculate the remainder when 24192 is divided by 6042.
24
What is the remainder when 88356 is divided by 29306?
438
What is the remainder when 88749 is divided by 71?
70
What is the remainder when 106996 is divided by 250?
246
What is the remainder when 13249 is divided by 1019?
2
What is the remainder when 7308 is divided by 57?
12
What is the remainder when 4942 is divided by 115?
112
What is the remainder when 6676 is divided by 163?
156
Calculate the remainder when 221645 is divided by 318.
317
Calculate the remainder when 2046132 is divided by 186012.
0
What is the remainder when 201098 is divided by 50?
48
Calculate the remainder when 5768 is divided by 976.
888
What is the remainder when 14805 is divided by 1378?
1025
Calculate the remainder when 100441 is divided by 98.
89
What is the remainder when 6762 is divided by 396?
30
Calculate the remainder when 159773 is divided by 11.
9
What is the remainder when 1037398 is divided by 665?
663
Calculate the remainder when 215411 is divided by 3989.
5
What is the remainder when 93005 is divided by 18?
17
Calculate the remainder when 17127 is divided by 5703.
18
What is the remainder when 4868 is divided by 327?
290
Calculate the remainder when 117350 is divided by 64.
38
Calculate the remainder when 52517 is divided by 130.
127
What is the remainder when 371194 is divided by 54?
52
Calculate the remainder when 10082 is divided by 513.
335
Calculate the remainder when 18424 is divided by 939.
583
What is the remainder when 5859 is divided by 523?
106
What is the remainder when 47584 is divided by 5287?
1
What is the remainder when 9509 is divided by 317?
316
What is the remainder when 37495 is divided by 86?
85
What is the remainder when 36564 is divided by 138?
132
What is the remainder when 14943 is divided by 1658?
21
What is the remainder when 1248 is divided by 430?
388
Calculate the remainder when 170842 is divided by 30.
22
What is the remainder when 84685 is divided by 54?
13
What is the remainder when 3464 is divided by 495?
494
Calculate the remainder when 488989 is divided by 1888.
1885
What is the remainder when 1272309 is divided by 710?
699
What is the remainder when 475462 is divided by 53?
52
What is the remainder when 41225 is divided by 235?
100
What is the remainder when 661 is divided by 198?
67
Calculate the remainder when 264665 is divided by 1604.
5
What is the remainder when 5112 is divided by 819?
198